ors of 215425?
5, 7, 1231
What are the prime factors of 3442710?
2, 3, 5, 114757
List the prime factors of 200207.
7, 37, 773
What are the prime factors of 8027459?
11, 47, 15527
What are the prime factors of 204616?
2, 25577
What are the prime factors of 169441?
23, 53, 139
What are the prime factors of 3855292?
2, 7, 157, 877
List the prime factors of 2634889.
397, 6637
List the prime factors of 4521651.
3, 29, 51973
What are the prime factors of 2064693?
3, 31, 149
List the prime factors of 4133092.
2, 1033273
What are the prime factors of 11718330?
2, 3, 5, 13, 30047
List the prime factors of 1740864.
2, 3, 9067
List the prime factors of 1648214.
2, 83, 9929
List the prime factors of 4212594.
2, 3, 181, 431
What are the prime factors of 446100?
2, 3, 5, 1487
What are the prime factors of 3651453?
3, 13, 101, 103
What are the prime factors of 132053?
37, 43, 83
What are the prime factors of 2419819?
2419819
What are the prime factors of 72892?
2, 18223
List the prime factors of 6578127.
3, 67, 10909
What are the prime factors of 223667?
223667
What are the prime factors of 701354?
2, 350677
What are the prime factors of 372331?
29, 37, 347
What are the prime factors of 1022175?
3, 5, 7, 11, 59
What are the prime factors of 25102103?
13, 1930931
List the prime factors of 8473442.
2, 47, 109, 827
What are the prime factors of 993383?
59, 113, 149
What are the prime factors of 29780607?
3, 23, 431603
List the prime factors of 1336202.
2, 7, 95443
List the prime factors of 117573.
3, 39191
List the prime factors of 16901649.
3, 109, 5743
What are the prime factors of 1290403?
137, 9419
What are the prime factors of 5457610?
2, 5, 401, 1361
What are the prime factors of 1440811?
1440811
What are the prime factors of 833382?
2, 3, 11, 23, 61
List the prime factors of 480239.
563, 853
List the prime factors of 7548986.
2, 17, 222029
What are the prime factors of 824412?
2, 3, 23, 29, 103
List the prime factors of 64585.
5, 12917
List the prime factors of 11937050.
2, 5, 193, 1237
What are the prime factors of 550613?
7, 17, 661
List the prime factors of 436.
2, 109
What are the prime factors of 7085480?
2, 5, 19, 9323
What are the prime factors of 557284?
2, 7, 13, 1531
What are the prime factors of 18770444?
2, 7, 11, 60943
List the prime factors of 2635498.
2, 353, 3733
What are the prime factors of 18690193?
2153, 8681
What are the prime factors of 178473?
3, 41, 1451
List the prime factors of 6239473.
6239473
List the prime factors of 310387.
7, 11, 29, 139
List the prime factors of 232088.
2, 67, 433
List the prime factors of 13253346.
2, 3, 89, 8273
List the prime factors of 369449.
23, 16063
What are the prime factors of 187312?
2, 23, 509
What are the prime factors of 7813332?
2, 3, 19, 11423
List the prime factors of 1157532.
2, 3, 96461
What are the prime factors of 169443?
3, 67, 281
What are the prime factors of 46519?
11, 4229
What are the prime factors of 869802?
2, 3, 144967
What are the prime factors of 1556445?
3, 5, 11, 9433
What are the prime factors of 246951?
3, 23, 1193
List the prime factors of 7243064.
2, 127, 7129
List the prime factors of 37021139.
19, 29, 67189
List the prime factors of 1494659.
1494659
What are the prime factors of 12217965?
3, 5, 814531
What are the prime factors of 120002?
2, 29, 2069
List the prime factors of 490930.
2, 5, 11, 4463
What are the prime factors of 3572713?
29, 349, 353
What are the prime factors of 5902772?
2, 31, 181, 263
List the prime factors of 614661.
3, 204887
List the prime factors of 481833.
3, 11, 31, 157
List the prime factors of 297870.
2, 3, 5, 9929
What are the prime factors of 3212281?
593, 5417
What are the prime factors of 241383?
3, 17, 4733
What are the prime factors of 102622?
2, 13, 3947
List the prime factors of 1221833.
19, 107, 601
List the prime factors of 2096908.
2, 11, 47657
What are the prime factors of 9784349?
43, 139, 1637
What are the prime factors of 19991812?
2, 53, 181, 521
List the prime factors of 1526883.
3, 508961
List the prime factors of 2790990.
2, 3, 5, 10337
List the prime factors of 5029204.
2, 599, 2099
List the prime factors of 3116562.
2, 3, 519427
List the prime factors of 917211.
3, 41, 7457
List the prime factors of 18782293.
89, 239, 883
List the prime factors of 19850276.
2, 4962569
List the prime factors of 9934282.
2, 113, 389
What are the prime factors of 32422?
2, 13, 29, 43
List the prime factors of 1018555.
5, 17, 23, 521
What are the prime factors of 2621804?
2, 53, 83, 149
List the prime factors of 14318025.
3, 5, 29, 227
What are the prime factors of 5470946?
2, 13, 210421
List the prime factors of 18187646.
2, 37, 107, 2297
List the prime factors of 313363.
41, 7643
List the prime factors of 21567773.
137, 157429
List the prime factors of 290514.
2, 3, 7, 6917
What are the prime factors of 3479648?
2, 108739
List the prime factors of 14492746.
2, 61, 211, 563
List the prime factors of 1374326.
2, 687163
List the prime factors of 4124643.
3, 31, 44351
List the prime factors of 3241956.
2, 3, 270163
List the prime factors of 21538837.
19, 1133623
List the prime factors of 22684651.
11, 19, 311, 349
List the prime factors of 6072188.
2, 181, 8387
List the prime factors of 7747631.
17, 167, 2729
List the prime factors of 2468803.
19, 129937
What are the prime factors of 33191801?
33191801
What are the prime factors of 1777658?
2, 79, 11251
List the prime factors of 2131134.
2, 3, 23, 15443
List the prime factors of 10270528.
2, 383, 419
What are the prime factors of 5078268?
2, 3, 13, 3617
What are the prime factors of 21159?
3, 2351
List the prime factors of 2584641.
3, 861547
What are the prime factors of 602938?
2, 7, 43067
What are the prime factors of 4343640?
2, 3, 5, 7, 5171
List the prime factors of 4285952.
2, 11, 761
What are the prime factors of 126980?
2, 5, 7, 907
What are the prime factors of 495647?
495647
List the prime factors of 703634.
2, 59, 67, 89
List the prime factors of 1251932.
2, 11, 37, 769
What are the prime factors of 18813223?
11, 13, 131561
What are the prime factors of 6564160?
2, 5, 73, 281
What are the prime factors of 188884?
2, 47221
What are the prime factors of 5849754?
2, 3, 974959
What are the prime factors of 140363?
140363
List the prime factors of 7247032.
2, 13, 17, 4099
List the prime factors of 13487626.
2, 73, 92381
What are the prime factors of 447430?
2, 5, 101, 443
List the prime factors of 19253.
13, 1481
What are the prime factors of 4390623?
3, 31, 15737
List the prime factors of 3434182.
2, 251, 6841
What are the prime factors of 6809222?
2, 7, 43, 11311
What are the prime factors of 24737551?
29, 821, 1039
What are the prime factors of 79088?
2, 4943
What are the prime factors of 3989757?
3, 59, 22541
What are the prime factors of 3638298?
2, 3, 606383
List the prime factors of 837916.
2, 47, 4457
List the prime factors of 1284624.
2, 3, 11, 811
What are the prime factors of 10153845?
3, 5, 13, 17, 1021
List the prime factors of 118495.
5, 13, 1823
What are the prime factors of 1056131?
53, 19927
List the prime factors of 3946975.
5, 17, 37, 251
List the prime factors of 589261.
79, 7459
List the prime factors of 13057084.
2, 3264271
What are the prime factors of 740119?
107, 6917
What are the prime factors of 970988?
2, 242747
List the prime factors of 1750549.
1750549
What are the prime factors of 185017?
7, 26431
List the prime factors of 18720628.
2, 743, 6299
List the prime factors of 3144213.
3, 349357
What are the prime factors of 522485?
5, 83, 1259
List the prime factors of 230993.
7, 32999
What are the prime factors of 3872382?
2, 3, 645397
What are the prime factors of 4910869?
773, 6353
List the prime factors of 115600.
2, 5, 17
List the prime factors of 7792468.
2, 647, 3011
What are the prime factors of 170453?
23, 7411
What are the prime factors of 438379?
17, 107, 241
What are the prime factors of 11684220?
2, 3, 5, 193, 1009
List the prime factors of 3737568.
2, 3, 38933
What are the prime factors of 384286?
2, 7, 27449
What are the prime factors of 6408965?
5, 61, 21013
What are the prime factors of 1562898?
2, 3, 260483
List the prime factors of 176513.
199, 887
What are the prime factors of 212424?
2, 3, 53, 167
List the prime factors of 596254.
2, 3